{"id":69,"date":"2017-11-24T14:18:21","date_gmt":"2017-11-24T12:18:21","guid":{"rendered":"http:\/\/reysejet.es\/web\/?page_id=69"},"modified":"2020-12-29T16:16:09","modified_gmt":"2020-12-29T15:16:09","slug":"servicios","status":"publish","type":"page","link":"https:\/\/reysejet.es\/web\/?page_id=69","title":{"rendered":"Servicios"},"content":{"rendered":"<p>Reysejet, Reparaci\u00f3n y Servicio Combustible, presta una serie de servicios a nuestros clientes como son:<\/p>\n<p style=\"text-align: center;\"><a href=\"http:\/\/reysejet.es\/web\/?page_id=98\">Mec\u00e1nica industrial\u00a0<\/a><a href=\"http:\/\/reysejet.es\/web\/?page_id=98\"><img loading=\"lazy\" decoding=\"async\" class=\"wp-image-113 aligncenter\" src=\"http:\/\/reysejet.es\/web\/wp-content\/uploads\/2018\/01\/imagen_motor-300x199.jpg\" alt=\"\" width=\"194\" height=\"129\" srcset=\"https:\/\/reysejet.es\/web\/wp-content\/uploads\/2018\/01\/imagen_motor-300x199.jpg 300w, https:\/\/reysejet.es\/web\/wp-content\/uploads\/2018\/01\/imagen_motor-768x510.jpg 768w, https:\/\/reysejet.es\/web\/wp-content\/uploads\/2018\/01\/imagen_motor.jpg 960w\" sizes=\"auto, (max-width: 194px) 100vw, 194px\" \/><\/a><\/p>\n<hr \/>\n<p style=\"text-align: center;\"><a href=\"https:\/\/reysejet.es\/web\/?page_id=118\">Hidr\u00e1ulica<\/a><a href=\"https:\/\/reysejet.es\/web\/?page_id=118\"><img loading=\"lazy\" decoding=\"async\" class=\"wp-image-120 aligncenter\" src=\"http:\/\/reysejet.es\/web\/wp-content\/uploads\/2018\/01\/imagen_hidraulica-300x201.jpg\" alt=\"\" width=\"194\" height=\"130\" srcset=\"https:\/\/reysejet.es\/web\/wp-content\/uploads\/2018\/01\/imagen_hidraulica-300x201.jpg 300w, https:\/\/reysejet.es\/web\/wp-content\/uploads\/2018\/01\/imagen_hidraulica-768x514.jpg 768w, https:\/\/reysejet.es\/web\/wp-content\/uploads\/2018\/01\/imagen_hidraulica-1024x686.jpg 1024w, https:\/\/reysejet.es\/web\/wp-content\/uploads\/2018\/01\/imagen_hidraulica.jpg 1147w\" sizes=\"auto, (max-width: 194px) 100vw, 194px\" \/><\/a><\/p>\n<hr \/>\n<p style=\"text-align: center;\">Neum\u00e1tica<a href=\"https:\/\/reysejet.es\/web\/?page_id=126\"><img loading=\"lazy\" decoding=\"async\" class=\"wp-image-127 aligncenter\" src=\"http:\/\/reysejet.es\/web\/wp-content\/uploads\/2018\/01\/imagen_meumatica-300x149.jpg\" alt=\"\" width=\"191\" height=\"95\" srcset=\"https:\/\/reysejet.es\/web\/wp-content\/uploads\/2018\/01\/imagen_meumatica-300x149.jpg 300w, https:\/\/reysejet.es\/web\/wp-content\/uploads\/2018\/01\/imagen_meumatica-768x381.jpg 768w, https:\/\/reysejet.es\/web\/wp-content\/uploads\/2018\/01\/imagen_meumatica.jpg 918w\" sizes=\"auto, (max-width: 191px) 100vw, 191px\" \/><\/a><\/p>\n<hr \/>\n<p style=\"text-align: center;\"><a href=\"http:\/\/reysejet.es\/web\/?page_id=130\">El\u00e9ctrica<\/a><a href=\"http:\/\/reysejet.es\/web\/?page_id=130\"><img loading=\"lazy\" decoding=\"async\" class=\"wp-image-131 aligncenter\" src=\"http:\/\/reysejet.es\/web\/wp-content\/uploads\/2018\/01\/imagen_elecrica-300x225.jpg\" alt=\"\" width=\"192\" height=\"144\" srcset=\"https:\/\/reysejet.es\/web\/wp-content\/uploads\/2018\/01\/imagen_elecrica-300x225.jpg 300w, https:\/\/reysejet.es\/web\/wp-content\/uploads\/2018\/01\/imagen_elecrica-768x576.jpg 768w, https:\/\/reysejet.es\/web\/wp-content\/uploads\/2018\/01\/imagen_elecrica-1024x768.jpg 1024w, https:\/\/reysejet.es\/web\/wp-content\/uploads\/2018\/01\/imagen_elecrica.jpg 1200w\" sizes=\"auto, (max-width: 192px) 100vw, 192px\" \/><\/a><\/p>\n<hr \/>\n<p style=\"text-align: center;\">Programaci\u00f3n PLCs<\/p>\n<p><img loading=\"lazy\" decoding=\"async\" class=\" wp-image-224 aligncenter\" src=\"http:\/\/reysejet.es\/web\/wp-content\/uploads\/2019\/06\/PLC.jpg\" alt=\"\" width=\"198\" height=\"215\" \/><\/p>\n<hr \/>\n<h4 style=\"text-align: center;\">Reysejet, S.L.\u00a0\u00a0\u00a0\u00a0\u00a0\u00a0 <em><a href=\"https:\/\/reysejet.es\/web\">Inicio\u00a0<\/a><\/em><em>| <a href=\"https:\/\/reysejet.es\/web\/?page_id=38\">Empresa <\/a>|\u00a0<a href=\"https:\/\/reysejet.es\/web\/?page_id=69\">Servicios<\/a> | <a href=\"https:\/\/reysejet.es\/web\/%20?page_id=78\">Clientes<\/a> |\u00a0<a href=\"https:\/\/reysejet.es\/web\">Venta\u00a0<\/a><\/em><em>|\u00a0<a href=\"https:\/\/reysejet.es\/web\/?page_id=87\">Software<\/a> <\/em><\/h4>\n<p style=\"text-align: center;\">\n","protected":false},"excerpt":{"rendered":"<p>Reysejet, Reparaci\u00f3n y Servicio Combustible, presta una serie de servicios a nuestros clientes como son: Mec\u00e1nica industrial\u00a0 Hidr\u00e1ulica Neum\u00e1tica El\u00e9ctrica Programaci\u00f3n PLCs Reysejet, S.L.\u00a0\u00a0\u00a0\u00a0\u00a0\u00a0 Inicio\u00a0| Empresa |\u00a0Servicios | Clientes |\u00a0Venta\u00a0|\u00a0Software<\/p>\n","protected":false},"author":1,"featured_media":5,"parent":0,"menu_order":0,"comment_status":"closed","ping_status":"closed","template":"","meta":{"footnotes":""},"class_list":["post-69","page","type-page","status-publish","has-post-thumbnail","hentry"],"_links":{"self":[{"href":"https:\/\/reysejet.es\/web\/index.php?rest_route=\/wp\/v2\/pages\/69","targetHints":{"allow":["GET"]}}],"collection":[{"href":"https:\/\/reysejet.es\/web\/index.php?rest_route=\/wp\/v2\/pages"}],"about":[{"href":"https:\/\/reysejet.es\/web\/index.php?rest_route=\/wp\/v2\/types\/page"}],"author":[{"embeddable":true,"href":"https:\/\/reysejet.es\/web\/index.php?rest_route=\/wp\/v2\/users\/1"}],"replies":[{"embeddable":true,"href":"https:\/\/reysejet.es\/web\/index.php?rest_route=%2Fwp%2Fv2%2Fcomments&post=69"}],"version-history":[{"count":19,"href":"https:\/\/reysejet.es\/web\/index.php?rest_route=\/wp\/v2\/pages\/69\/revisions"}],"predecessor-version":[{"id":394,"href":"https:\/\/reysejet.es\/web\/index.php?rest_route=\/wp\/v2\/pages\/69\/revisions\/394"}],"wp:featuredmedia":[{"embeddable":true,"href":"https:\/\/reysejet.es\/web\/index.php?rest_route=\/wp\/v2\/media\/5"}],"wp:attachment":[{"href":"https:\/\/reysejet.es\/web\/index.php?rest_route=%2Fwp%2Fv2%2Fmedia&parent=69"}],"curies":[{"name":"wp","href":"https:\/\/api.w.org\/{rel}","templated":true}]}}